{"id":2,"date":"2011-02-18T20:16:04","date_gmt":"2011-02-18T19:16:04","guid":{"rendered":"http:\/\/www.he64.de\/?page_id=2"},"modified":"2011-02-19T21:43:56","modified_gmt":"2011-02-19T20:43:56","slug":"eine-seite","status":"publish","type":"page","link":"https:\/\/bautagebuch.he64.de\/","title":{"rendered":"Dieses Bautagebuch"},"content":{"rendered":"<p>Willkommen zum Bautagebuch der Heinkel 64. Dieses Blog ist zun\u00e4chst nur denjenigen, die an diesem Projekt mitarbeiten oder ernsthaft interessiert ist, zug\u00e4nglich.<br \/>\nIch verspreche mir, dass \u00fcber das Arbeiten mittels dieses Blogs ein direkter, schneller Informations-\/Meinungsaustausch m\u00f6glich ist, um trotz unserer r\u00e4umlichen Entfernung zusammenarbeiten zu k\u00f6nnen.<br \/>\nIch werde insbesondere mein Bautagebuch einstellen, um den Interessierten die M\u00f6glichkeit zu geben, in eine Art virtuelle Diskussion einzusteigen. Ich w\u00fcnsche mir Kritik, Anregungen, Gedanken: Nur mit viel Hilfe wird dieses Projekt je das Entwurfsstadium verlassen k\u00f6nnen\u2026<\/p>\n<p>Thomas Mildenberger<\/p>\n","protected":false},"excerpt":{"rendered":"<p>Willkommen zum Bautagebuch der Heinkel 64. Dieses Blog ist zun\u00e4chst nur denjenigen, die an diesem Projekt mitarbeiten oder ernsthaft interessiert ist, zug\u00e4nglich. Ich verspreche mir, dass \u00fcber das Arbeiten mittels dieses Blogs ein direkter, schneller Informations-\/Meinungsaustausch m\u00f6glich ist, um trotz &hellip; <a href=\"https:\/\/bautagebuch.he64.de\/\">Continue reading <span class=\"meta-nav\">&rarr;<\/span><\/a><\/p>\n","protected":false},"author":1,"featured_media":0,"parent":0,"menu_order":0,"comment_status":"open","ping_status":"open","template":"","meta":[],"_links":{"self":[{"href":"https:\/\/bautagebuch.he64.de\/index.php?rest_route=\/wp\/v2\/pages\/2"}],"collection":[{"href":"https:\/\/bautagebuch.he64.de\/index.php?rest_route=\/wp\/v2\/pages"}],"about":[{"href":"https:\/\/bautagebuch.he64.de\/index.php?rest_route=\/wp\/v2\/types\/page"}],"author":[{"embeddable":true,"href":"https:\/\/bautagebuch.he64.de\/index.php?rest_route=\/wp\/v2\/users\/1"}],"replies":[{"embeddable":true,"href":"https:\/\/bautagebuch.he64.de\/index.php?rest_route=%2Fwp%2Fv2%2Fcomments&post=2"}],"version-history":[{"count":8,"href":"https:\/\/bautagebuch.he64.de\/index.php?rest_route=\/wp\/v2\/pages\/2\/revisions"}],"predecessor-version":[{"id":696,"href":"https:\/\/bautagebuch.he64.de\/index.php?rest_route=\/wp\/v2\/pages\/2\/revisions\/696"}],"wp:attachment":[{"href":"https:\/\/bautagebuch.he64.de\/index.php?rest_route=%2Fwp%2Fv2%2Fmedia&parent=2"}],"curies":[{"name":"wp","href":"https:\/\/api.w.org\/{rel}","templated":true}]}}